 8*t + 2. Let p be v(n). Calculate the remainder when 46 is divided by (p/12)/(3/(-32)).
14
Suppose -8*l + 236 = -4*l. Calculate the remainder when l is divided by 12.
11
Suppose -2*l - 26 + 242 = 0. Calculate the remainder when l is divided by 38.
32
Suppose s + 1 = 18. Calculate the remainder when s is divided by 10.
7
Calculate the remainder when 61 is divided by (15 - (2 - 0)) + 3.
13
Let y = 79 - 62. Calculate the remainder when y is divided by 9.
8
Suppose -4*f + 3 - 19 = 0, 0 = b - 4*f - 29. Let j be (-226)/8 + (-4)/(-16). Let x = j - -53. Calculate the remainder when x is divided by b.
12
Let v(r) = 4*r - 1. Let b(j) = 5*j. Let g(x) = 2*b(x) - 3*v(x). Calculate the remainder when 10 is divided by g(0).
1
Suppose 0 = 3*d + 2*d - 65. Let k(r) = -30*r - 6. Let h be k(-4). Suppose i + 4*x + 0 - 12 = 0, 2*x - h = -5*i. What is the remainder when i is divided by d?
11
Let a(d) = -d - 28. Let n be a(0). Suppose 6*h = 5*h + 64. Let s = h + n. What is the remainder when s is divided by 19?
17
What is the remainder when 48 + (2 - 3)/1 is divided by 12?
11
Suppose 0*s = 5*s. Suppose 5*p + 0*g = g + 45, 5*p + 5*g - 45 = s. Calculate the remainder when (p/(-6))/(3/(-10)) is divided by 3.
2
Suppose 17 + 179 = 4*n. Calculate the remainder when n is divided by 17.
15
Let k = 83 - 6. Calculate the remainder when k is divided by 27.
23
Suppose 126 + 28 = 11*u. Calculate the remainder when 37 is divided by u.
9
Suppose -2*p - s = -4, 3*p + 0*s = s + 11. Let k = p - -12. Let i(u) = -6*u**3 - u**2 + 2*u + 1. What is the remainder when k is divided by i(-1)?
3
Let i(z) = z**3 - 5*z**2 - 5*z - 2. Let w be i(6). Suppose -m + 1 + 3 = 0, -w*l = 5*m - 44. Calculate the remainder when 10 is divided by l.
4
Let k(h) = h + 12. Let t be k(-8). Suppose u = -t*u + 15. Suppose -5*a - u*j + 48 = -44, a = -4*j + 32. Calculate the remainder when a is divided by 6.
4
Suppose 5*j + 23 = 58. Calculate the remainder when 11 is divided by j.
4
Let h(y) = -y**3 - 17*y**2 - 17*y - 10. Let x = 37 + -22. Calculate the remainder when x is divided by h(-16).
3
Suppose -2*h + i - 1 = 2*i, h - 12 = -3*i. Calculate the remainder when 19 is divided by 2*(-21)/(-6) - h.
9
Suppose -2*a + 3*k + 367 = 0, -6 = a - k - 192. What is the remainder when a is divided by 48?
47
Let p be -2 + 1 + -3 + 3. Calculate the remainder when (p + 5)/4 + 38 is divided by 14.
11
Suppose 5*l - 78 = x - 0*x, -46 = -3*l + x. Suppose -64 + l = -3*v. Calculate the remainder when v is divided by 6.
4
Let d(l) = l**2 - l + 2. Let n be d(0). Let c be (-2)/n + -6 - -1. Calculate the remainder when (-8)/(-6)*(-81)/c is divided by 7.
4
Suppose 13*j = 11*j + 24. What is the remainder when 2/9 - (-806)/18 is divided by j?
9
Let m be 6/(-8) + (-14)/(-8). Let f(t) = -6*t**2 + 30*t**2 + 22*t**2. Calculate the remainder when f(m) is divided by 16.
14
Let n = -236 + 335. What is the remainder when n is divided by 34?
31
Let n = 17 + -12. What is the remainder when (-6)/33 + (-79)/(-11) is divided by n?
2
Let c(f) = 3*f**2 + 3*f + 34. Calculate the remainder when c(-6) is divided by 63.
61
Suppose f - 11 = 3*t, 5*f + 5 = 4*t + 16. Let q be (1 - 7)/(-1 + f). Suppose 0 = k - q*m - 20, 0 = -3*k + 2*k - m. What is the remainder when 8 is divided by k?
3
Suppose 5*x - 23 - 27 = 0. Calculate the remainder when 17 is divided by x.
7
Let c = 6 + -4. Suppose 12 = j + 5*s + c, 5*j - s - 76 = 0. What is the remainder when j is divided by 8?
7
Let c = 5 + 17. Let u be 1/(-2 + c/10). Suppose -6 = k + 3*s, -u*k + 5*s + 26 = -4. Calculate the remainder when 5 is divided by k.
2
Suppose 5 = -12*c + 137. What is the remainder when 75 is divided by c?
9
Suppose -x - 3*g + 1 = 9, 5*g = -5*x - 60. Calculate the remainder when 14 + x + 1*23 is divided by 4/18 + 70/9.
7
Let x be (6 - 9)*-1*1. Suppose o = -3*o + 56. What is the remainder when 4 - 1*(-69)/x is divided by o?
13
Let r = 4 + -3. Suppose 4*t = -10 - 2. Let f = -1 - t. What is the remainder when f is divided by r?
0
Let t = 59 - 35. Let x = t - 2. What is the remainder when 86 is divided by x?
20
Let u(w) = 12*w - 4. Let j be (-93)/4 + 3/12. Let o = j - -40. Calculate the remainder when u(3) is divided by o.
15
Suppose -j - 70 = -3*w - w, w - 14 = 2*j. What is the remainder when 31 is divided by w?
13
Suppose k - 19 = 2*y - 4*k, -3*y + k = 9. What is the remainder when 34 is divided by 1/(-1) + 15 + y?
10
Let n = 69 - 35. Let x(b) = b**2 - 7*b + 6. Let u be x(6). What is the remainder when n is divided by (u - -6)/((-4)/(-6))?
7
Suppose 0 = -v + 4*r - 10 + 39, -3*v + 5*r = -52. Suppose w = -4*b + 17, v = -2*w - w. Calculate the remainder when 4 is divided by (2 - 1)*(b + -2).
1
Suppose -2*c + 5*t + 43 = -50, -3*c - 5*t = -177. Calculate the remainder when c is divided by 14.
12
Let n be 1/4 + (-9)/4. What is the remainder when (-2)/(-3)*(-123)/n is divided by 14?
13
Let b be 2/4 - 6/(-4). Let d(c) be the second derivative of 2*c**3/3 + c**2 + 10*c. What is the remainder when 19 is divided by d(b)?
9
Let i = 8 - -1. What is the remainder when 25 is divided by i?
7
Suppose -5*v + 324 = 4*n, 0 = -n - 3*n + 4. What is the remainder when v is divided by 34?
30
Let v = 2 + -2. Suppose 40 = -0*m + 2*m - 4*n, v = 3*m - n - 40. What is the remainder when 22 is divided by m?
10
Let q be (-2)/(-8) + (-3)/12. Let a = q + 4. Suppose a*h - 48 = -5*t, -2*h + 30 = t + 6. Calculate the remainder when 22 is divided by h.
10
Let a be 2/(((-2)/(-33))/(-1)). Suppose 4*j - 4*o - 52 = 0, 2*o = 2*j + j - 36. What is the remainder when 22/a + 53/3 is divided by j?
7
Suppose 68 = 2*d - 5*w, -5*d + 3*w + w + 170 = 0. Let i(r) = 13*r**2 - 2*r + 1. Calculate the remainder when d is divided by i(1).
10
Calculate the remainder when -1 - -2 - (1 - (3 + 10)) is divided by 7.
6
Suppose 0 = -6*o + 11*o - 45. Calculate the remainder when o is divided by 7.
2
Suppose 5*h = 72 + 8. Calculate the remainder when 31 is divided by h.
15
Suppose -2*l + 13 + 11 = 0. Let v = 10 + -3. Calculate the remainder when v is divided by (-13)/(-4) + (-3)/l.
1
Let r = 24 - 22. What is the remainder when 3 is divided by r?
1
Let q = 79 + -41. What is the remainder when q is divided by 10?
8
Let c = -62 - -131. Let d(j) = j**2 + 13*j - 30. What is the remainder when c is divided by d(-16)?
15
Suppose 6*n - 42 = 3*n. Let s = -134 - -189. Let g = s - 28. What is the remainder when g is divided by n?
13
Let o(m) = 14*m - 8. Calculate the remainder when 98 is divided by o(2).
18
Let i = 45 + -24. Let u = 29 - i. What is the remainder when 22 is divided by u?
6
Let h(l) = -9*l + 1. Let o(m) = m - 5. Let d be o(4). Let n = -2 - -30. Calculate the remainder when n is divided by h(d).
8
Suppose 3*f + 96 = m, -3*f = -8*m + 3*m + 444. Calculate the remainder when m is divided by 44.
43
Let k(j) = -12*j - 1. Let g(y) = 20*y + 1. What is the remainder when g(1) is divided by k(-1)?
10
Let s = 49 - 36. What is the remainder when 88 is divided by s?
10
Let t(m) = 16*m**2 - 1. Suppose -61*o = -62*o + 72. What is the remainder when o is divided by t(1)?
12
Let v(b) = 1 - 1 + 4*b - 6 - 5. Let r be v(-8). Let x = -29 - r. What is the remainder when x is divided by 8?
6
Let x(t) = 16*t**2 - 7*t - 19. What is the remainder when 230 is divided by x(-2)?
53
Let f = -2 + -10. Let t = f - -24. What is the remainder when 22 is divided by t?
10
Suppose -3*y - 24 = -3*b, -3*b + 15 + 14 = -4*y. Suppose -3*t + 0*s + 1 = -5*s, -5*t + b*s = -23. What is the remainder when 11 is divided by t?
4
Suppose -10*i + 749 = 129. What is the remainder when i is divided by 21?
20
Let v(a) = a + 8. Let c = 17 - -1. Suppose -3*f + 3 + c = 0. Calculate the remainder when v(11) is divided by f.
5
Let y = -114 + 164. Calculate the remainder when y is divided by 18.
14
Let m(c) = 2*c**3 - 5*c**2 - 3*c + 4. Let w be m(4). Let h = w - 3. What is the remainder when h is divided by 19?
18
Let j(z) = 14*z - 24. Calculate the remainder when j(2) is divided by 1.
0
Calculate the remainder when 35 is divided by (-36)/(-3) - (-8)/(-4).
5
Suppose -59 = -4*d - 0*z + 3*z, 4*d + 3*z - 29 = 0. Let q = 0 - 6. Let w = d + q. Calculate the remainder when 13 is divided by w.
3
Suppose 0 = 5*t - s - 71, t = 3*s + s - 1. Calculate the remainder when t is divided by 9.
6
Let b(j) = -28*j**3 - 10*j**3 + 2*j**